{"id":186,"date":"2023-12-20T19:33:34","date_gmt":"2023-12-20T18:33:34","guid":{"rendered":"https:\/\/chambres-salvaterra.fr\/?page_id=186"},"modified":"2023-12-22T21:58:10","modified_gmt":"2023-12-22T20:58:10","slug":"saad-mellah-fondeur-dart-chambres-dhotes-et-meuble-de-tourisme","status":"publish","type":"page","link":"https:\/\/chambres-salvaterra.fr\/index.php\/saad-mellah-fondeur-dart-chambres-dhotes-et-meuble-de-tourisme\/","title":{"rendered":"A propos"},"content":{"rendered":"\n<h3 class=\"wp-block-heading\">Saad MELLAH, <\/h3>\n\n\n\n<figure class=\"wp-block-image size-thumbnail is-style-rounded\"><img data-recalc-dims=\"1\" loading=\"lazy\" decoding=\"async\" width=\"150\" height=\"150\" data-attachment-id=\"187\" data-permalink=\"https:\/\/chambres-salvaterra.fr\/index.php\/saad-mellah-fondeur-dart-chambres-dhotes-et-meuble-de-tourisme\/img_2543-1014x1024-1\/\" data-orig-file=\"https:\/\/i0.wp.com\/chambres-salvaterra.fr\/wp-content\/uploads\/2023\/12\/IMG_2543-1014x1024-1.jpg?fit=1014%2C1024&amp;ssl=1\" data-orig-size=\"1014,1024\" data-comments-opened=\"1\" data-image-meta=\"{&quot;aperture&quot;:&quot;0&quot;,&quot;credit&quot;:&quot;&quot;,&quot;camera&quot;:&quot;&quot;,&quot;caption&quot;:&quot;&quot;,&quot;created_timestamp&quot;:&quot;0&quot;,&quot;copyright&quot;:&quot;&quot;,&quot;focal_length&quot;:&quot;0&quot;,&quot;iso&quot;:&quot;0&quot;,&quot;shutter_speed&quot;:&quot;0&quot;,&quot;title&quot;:&quot;&quot;,&quot;orientation&quot;:&quot;1&quot;}\" data-image-title=\"IMG_2543-1014&amp;#215;1024-1\" data-image-description=\"\" data-image-caption=\"\" data-medium-file=\"https:\/\/i0.wp.com\/chambres-salvaterra.fr\/wp-content\/uploads\/2023\/12\/IMG_2543-1014x1024-1.jpg?fit=297%2C300&amp;ssl=1\" data-large-file=\"https:\/\/i0.wp.com\/chambres-salvaterra.fr\/wp-content\/uploads\/2023\/12\/IMG_2543-1014x1024-1.jpg?fit=900%2C909&amp;ssl=1\" src=\"https:\/\/i0.wp.com\/chambres-salvaterra.fr\/wp-content\/uploads\/2023\/12\/IMG_2543-1014x1024-1.jpg?resize=150%2C150&#038;ssl=1\" alt=\"Saad MELLAH\" class=\"wp-image-187\" srcset=\"https:\/\/i0.wp.com\/chambres-salvaterra.fr\/wp-content\/uploads\/2023\/12\/IMG_2543-1014x1024-1.jpg?resize=150%2C150&amp;ssl=1 150w, https:\/\/i0.wp.com\/chambres-salvaterra.fr\/wp-content\/uploads\/2023\/12\/IMG_2543-1014x1024-1.jpg?w=1014&amp;ssl=1 1014w\" sizes=\"auto, (max-width: 150px) 100vw, 150px\" \/><\/figure>\n\n\n\n<p>Apres avoir pass\u00e9 une trentaine d&rsquo;ann\u00e9e en r\u00e9gion parisienne et en Bretagne, je suis de retour sur les terres de mon enfance depuis 2018.<\/p>\n\n\n\n<p>Ancien juge du Tribunal de Rennes. Maintenant, conciliateur de justice. Je travaille aupr\u00e8s des Tribunaux judiciaires d&rsquo;Avignon et de N\u00eemes.<\/p>\n\n\n\n<p>J&rsquo;ai commenc\u00e9 cette activit\u00e9 de meubl\u00e9 de tourisme il y a quelques ann\u00e9es.<\/p>\n\n\n\n<p>Je suis passionn\u00e9 par plusieurs domaines. C&rsquo;est pourquoi j&rsquo;ai d\u00e9cid\u00e9 de cr\u00e9er ce meubl\u00e9 de tourisme. Je propose aux voyageurs un h\u00e9bergement confortable, spacieux et bien \u00e9quip\u00e9, avec une d\u00e9coration soign\u00e9e et un accueil personnalis\u00e9. <\/p>\n\n\n\n<p>J&rsquo;aime faire d\u00e9couvrir ma r\u00e9gion et ses richesses culturelles, gastronomiques et naturelles. Je suis \u00e0 l&rsquo;\u00e9coute des besoins et des attentes de mes clients, et je m&rsquo;efforce de leur offrir une exp\u00e9rience inoubliable.<\/p>\n\n\n\n<p>j&rsquo;ai d\u00e9velopp\u00e9 une v\u00e9ritable passion pour la fonderie d&rsquo;Art, en particulier pour la fonderie du bronze.<\/p>\n\n\n\n<p>Amateur de sculpture et plus particuli\u00e8rement des sculptures en bronze et des sculptures en acier soud\u00e9, c&rsquo;est naturellement que je me suis int\u00e9ress\u00e9 au modelage et \u00e0 la sculpture de l&rsquo;argile, comme premi\u00e8re \u00e9tape&nbsp;de mes fonderies.<\/p>\n\n\n\n<p>J&rsquo;organise des stages de fonderie d&rsquo;art, dans mon atelier, vous pouvez les visualiser en cliquant <a href=\"https:\/\/arts-salvaterra.fr\">ici<\/a>. <\/p>\n\n\n\n<p>La satisfaction de mes h\u00f4tes est importante pour moi, c&rsquo;est pourquoi je fais tout mon possible pour rendre votre s\u00e9jour agr\u00e9able et inoubliable. <\/p>\n\n\n\n<p>N&rsquo;h\u00e9sitez pas \u00e0 me contacter si vous avez besoin de quoi que ce soit, je me ferai un plaisir de vous aider. J&rsquo;esp\u00e8re que vous vous sentirez comme chez vous et que vous viendrez me voir bient\u00f4t !<\/p>\n\n\n\n<p><em><strong>Saad Mellah<\/strong><\/em><\/p>\n","protected":false},"excerpt":{"rendered":"<p>Saad MELLAH, Apres avoir pass\u00e9 une trentaine d&rsquo;ann\u00e9e en r\u00e9gion parisienne et en Bretagne, je suis de retour sur les terres de mon enfance depuis 2018. Ancien juge du Tribunal de Rennes. Maintenant, conciliateur de justice. Je travaille aupr\u00e8s des Tribunaux judiciaires d&rsquo;Avignon et de N\u00eemes. J&rsquo;ai commenc\u00e9 cette activit\u00e9 de meubl\u00e9 de tourisme il [&hellip;]<\/p>\n","protected":false},"author":1,"featured_media":0,"parent":0,"menu_order":0,"comment_status":"closed","ping_status":"closed","template":"","meta":{"jetpack_post_was_ever_published":false,"footnotes":""},"class_list":["post-186","page","type-page","status-publish","hentry","blog-left-layout","blog-style-postblock","","blog-alt-odd"],"yoast_head":"<!-- This site is optimized with the Yoast SEO plugin v24.2 - https:\/\/yoast.com\/wordpress\/plugins\/seo\/ -->\n<title>Saad MELLAH Meubl\u00e9 de Tourisme, Stage de fonderie<\/title>\n<meta name=\"description\" content=\"Saad MELLAH Fondeur d&#039;Art Bronze cire perdue arts-salvaterra , Chambres d&#039;h\u00f4tes et Meubl\u00e9 de Tourisme Chambres-Salvaterra\" \/>\n<meta name=\"robots\" content=\"index, follow, max-snippet:-1, max-image-preview:large, max-video-preview:-1\" \/>\n<link rel=\"canonical\" href=\"https:\/\/chambres-salvaterra.fr\/index.php\/saad-mellah-fondeur-dart-chambres-dhotes-et-meuble-de-tourisme\/\" \/>\n<meta property=\"og:locale\" content=\"fr_FR\" \/>\n<meta property=\"og:type\" content=\"article\" \/>\n<meta property=\"og:title\" content=\"Saad MELLAH Meubl\u00e9 de Tourisme, Stage de fonderie\" \/>\n<meta property=\"og:description\" content=\"Saad MELLAH Fondeur d&#039;Art Bronze cire perdue arts-salvaterra , Chambres d&#039;h\u00f4tes et Meubl\u00e9 de Tourisme Chambres-Salvaterra\" \/>\n<meta property=\"og:url\" content=\"https:\/\/chambres-salvaterra.fr\/index.php\/saad-mellah-fondeur-dart-chambres-dhotes-et-meuble-de-tourisme\/\" \/>\n<meta property=\"og:site_name\" content=\"Chambres Salvaterra\" \/>\n<meta property=\"article:publisher\" content=\"https:\/\/www.facebook.com\/chambres.et.gite.salvaterra\" \/>\n<meta property=\"article:modified_time\" content=\"2023-12-22T20:58:10+00:00\" \/>\n<meta property=\"og:image\" content=\"https:\/\/chambres-salvaterra.fr\/wp-content\/uploads\/2023\/12\/IMG_2543-1014x1024-1-150x150.jpg\" \/>\n<meta name=\"twitter:card\" content=\"summary_large_image\" \/>\n<meta name=\"twitter:label1\" content=\"Dur\u00e9e de lecture estim\u00e9e\" \/>\n\t<meta name=\"twitter:data1\" content=\"2 minutes\" \/>\n<script type=\"application\/ld+json\" class=\"yoast-schema-graph\">{\"@context\":\"https:\/\/schema.org\",\"@graph\":[{\"@type\":[\"WebPage\",\"AboutPage\"],\"@id\":\"https:\/\/chambres-salvaterra.fr\/index.php\/saad-mellah-fondeur-dart-chambres-dhotes-et-meuble-de-tourisme\/\",\"url\":\"https:\/\/chambres-salvaterra.fr\/index.php\/saad-mellah-fondeur-dart-chambres-dhotes-et-meuble-de-tourisme\/\",\"name\":\"Saad MELLAH Meubl\u00e9 de Tourisme, Stage de fonderie\",\"isPartOf\":{\"@id\":\"https:\/\/chambres-salvaterra.fr\/#website\"},\"primaryImageOfPage\":{\"@id\":\"https:\/\/chambres-salvaterra.fr\/index.php\/saad-mellah-fondeur-dart-chambres-dhotes-et-meuble-de-tourisme\/#primaryimage\"},\"image\":{\"@id\":\"https:\/\/chambres-salvaterra.fr\/index.php\/saad-mellah-fondeur-dart-chambres-dhotes-et-meuble-de-tourisme\/#primaryimage\"},\"thumbnailUrl\":\"https:\/\/chambres-salvaterra.fr\/wp-content\/uploads\/2023\/12\/IMG_2543-1014x1024-1-150x150.jpg\",\"datePublished\":\"2023-12-20T18:33:34+00:00\",\"dateModified\":\"2023-12-22T20:58:10+00:00\",\"description\":\"Saad MELLAH Fondeur d'Art Bronze cire perdue arts-salvaterra , Chambres d'h\u00f4tes et Meubl\u00e9 de Tourisme Chambres-Salvaterra\",\"breadcrumb\":{\"@id\":\"https:\/\/chambres-salvaterra.fr\/index.php\/saad-mellah-fondeur-dart-chambres-dhotes-et-meuble-de-tourisme\/#breadcrumb\"},\"inLanguage\":\"fr-FR\",\"potentialAction\":[{\"@type\":\"ReadAction\",\"target\":[\"https:\/\/chambres-salvaterra.fr\/index.php\/saad-mellah-fondeur-dart-chambres-dhotes-et-meuble-de-tourisme\/\"]}]},{\"@type\":\"ImageObject\",\"inLanguage\":\"fr-FR\",\"@id\":\"https:\/\/chambres-salvaterra.fr\/index.php\/saad-mellah-fondeur-dart-chambres-dhotes-et-meuble-de-tourisme\/#primaryimage\",\"url\":\"https:\/\/i0.wp.com\/chambres-salvaterra.fr\/wp-content\/uploads\/2023\/12\/IMG_2543-1014x1024-1.jpg?fit=1014%2C1024&ssl=1\",\"contentUrl\":\"https:\/\/i0.wp.com\/chambres-salvaterra.fr\/wp-content\/uploads\/2023\/12\/IMG_2543-1014x1024-1.jpg?fit=1014%2C1024&ssl=1\",\"width\":1014,\"height\":1024},{\"@type\":\"BreadcrumbList\",\"@id\":\"https:\/\/chambres-salvaterra.fr\/index.php\/saad-mellah-fondeur-dart-chambres-dhotes-et-meuble-de-tourisme\/#breadcrumb\",\"itemListElement\":[{\"@type\":\"ListItem\",\"position\":1,\"name\":\"Accueil\",\"item\":\"https:\/\/chambres-salvaterra.fr\/\"},{\"@type\":\"ListItem\",\"position\":2,\"name\":\"A propos\"}]},{\"@type\":\"WebSite\",\"@id\":\"https:\/\/chambres-salvaterra.fr\/#website\",\"url\":\"https:\/\/chambres-salvaterra.fr\/\",\"name\":\"Chambres Salvaterra\",\"description\":\"Chambres et Gite proche Avignon\",\"publisher\":{\"@id\":\"https:\/\/chambres-salvaterra.fr\/#organization\"},\"alternateName\":\"Chambres et Gite Avignon\",\"potentialAction\":[{\"@type\":\"SearchAction\",\"target\":{\"@type\":\"EntryPoint\",\"urlTemplate\":\"https:\/\/chambres-salvaterra.fr\/?s={search_term_string}\"},\"query-input\":{\"@type\":\"PropertyValueSpecification\",\"valueRequired\":true,\"valueName\":\"search_term_string\"}}],\"inLanguage\":\"fr-FR\"},{\"@type\":\"Organization\",\"@id\":\"https:\/\/chambres-salvaterra.fr\/#organization\",\"name\":\"Chambres Salvaterra\",\"alternateName\":\"Chambres, Gite et Meubl\u00e9 de Tourisme Avignon\",\"url\":\"https:\/\/chambres-salvaterra.fr\/\",\"logo\":{\"@type\":\"ImageObject\",\"inLanguage\":\"fr-FR\",\"@id\":\"https:\/\/chambres-salvaterra.fr\/#\/schema\/logo\/image\/\",\"url\":\"https:\/\/i0.wp.com\/chambres-salvaterra.fr\/wp-content\/uploads\/2023\/12\/vue-generale-1.jpg?fit=2048%2C1536&ssl=1\",\"contentUrl\":\"https:\/\/i0.wp.com\/chambres-salvaterra.fr\/wp-content\/uploads\/2023\/12\/vue-generale-1.jpg?fit=2048%2C1536&ssl=1\",\"width\":2048,\"height\":1536,\"caption\":\"Chambres Salvaterra\"},\"image\":{\"@id\":\"https:\/\/chambres-salvaterra.fr\/#\/schema\/logo\/image\/\"},\"sameAs\":[\"https:\/\/www.facebook.com\/chambres.et.gite.salvaterra\"]}]}<\/script>\n<!-- \/ Yoast SEO plugin. -->","yoast_head_json":{"title":"Saad MELLAH Meubl\u00e9 de Tourisme, Stage de fonderie","description":"Saad MELLAH Fondeur d'Art Bronze cire perdue arts-salvaterra , Chambres d'h\u00f4tes et Meubl\u00e9 de Tourisme Chambres-Salvaterra","robots":{"index":"index","follow":"follow","max-snippet":"max-snippet:-1","max-image-preview":"max-image-preview:large","max-video-preview":"max-video-preview:-1"},"canonical":"https:\/\/chambres-salvaterra.fr\/index.php\/saad-mellah-fondeur-dart-chambres-dhotes-et-meuble-de-tourisme\/","og_locale":"fr_FR","og_type":"article","og_title":"Saad MELLAH Meubl\u00e9 de Tourisme, Stage de fonderie","og_description":"Saad MELLAH Fondeur d'Art Bronze cire perdue arts-salvaterra , Chambres d'h\u00f4tes et Meubl\u00e9 de Tourisme Chambres-Salvaterra","og_url":"https:\/\/chambres-salvaterra.fr\/index.php\/saad-mellah-fondeur-dart-chambres-dhotes-et-meuble-de-tourisme\/","og_site_name":"Chambres Salvaterra","article_publisher":"https:\/\/www.facebook.com\/chambres.et.gite.salvaterra","article_modified_time":"2023-12-22T20:58:10+00:00","og_image":[{"url":"https:\/\/chambres-salvaterra.fr\/wp-content\/uploads\/2023\/12\/IMG_2543-1014x1024-1-150x150.jpg","type":"","width":"","height":""}],"twitter_card":"summary_large_image","twitter_misc":{"Dur\u00e9e de lecture estim\u00e9e":"2 minutes"},"schema":{"@context":"https:\/\/schema.org","@graph":[{"@type":["WebPage","AboutPage"],"@id":"https:\/\/chambres-salvaterra.fr\/index.php\/saad-mellah-fondeur-dart-chambres-dhotes-et-meuble-de-tourisme\/","url":"https:\/\/chambres-salvaterra.fr\/index.php\/saad-mellah-fondeur-dart-chambres-dhotes-et-meuble-de-tourisme\/","name":"Saad MELLAH Meubl\u00e9 de Tourisme, Stage de fonderie","isPartOf":{"@id":"https:\/\/chambres-salvaterra.fr\/#website"},"primaryImageOfPage":{"@id":"https:\/\/chambres-salvaterra.fr\/index.php\/saad-mellah-fondeur-dart-chambres-dhotes-et-meuble-de-tourisme\/#primaryimage"},"image":{"@id":"https:\/\/chambres-salvaterra.fr\/index.php\/saad-mellah-fondeur-dart-chambres-dhotes-et-meuble-de-tourisme\/#primaryimage"},"thumbnailUrl":"https:\/\/chambres-salvaterra.fr\/wp-content\/uploads\/2023\/12\/IMG_2543-1014x1024-1-150x150.jpg","datePublished":"2023-12-20T18:33:34+00:00","dateModified":"2023-12-22T20:58:10+00:00","description":"Saad MELLAH Fondeur d'Art Bronze cire perdue arts-salvaterra , Chambres d'h\u00f4tes et Meubl\u00e9 de Tourisme Chambres-Salvaterra","breadcrumb":{"@id":"https:\/\/chambres-salvaterra.fr\/index.php\/saad-mellah-fondeur-dart-chambres-dhotes-et-meuble-de-tourisme\/#breadcrumb"},"inLanguage":"fr-FR","potentialAction":[{"@type":"ReadAction","target":["https:\/\/chambres-salvaterra.fr\/index.php\/saad-mellah-fondeur-dart-chambres-dhotes-et-meuble-de-tourisme\/"]}]},{"@type":"ImageObject","inLanguage":"fr-FR","@id":"https:\/\/chambres-salvaterra.fr\/index.php\/saad-mellah-fondeur-dart-chambres-dhotes-et-meuble-de-tourisme\/#primaryimage","url":"https:\/\/i0.wp.com\/chambres-salvaterra.fr\/wp-content\/uploads\/2023\/12\/IMG_2543-1014x1024-1.jpg?fit=1014%2C1024&ssl=1","contentUrl":"https:\/\/i0.wp.com\/chambres-salvaterra.fr\/wp-content\/uploads\/2023\/12\/IMG_2543-1014x1024-1.jpg?fit=1014%2C1024&ssl=1","width":1014,"height":1024},{"@type":"BreadcrumbList","@id":"https:\/\/chambres-salvaterra.fr\/index.php\/saad-mellah-fondeur-dart-chambres-dhotes-et-meuble-de-tourisme\/#breadcrumb","itemListElement":[{"@type":"ListItem","position":1,"name":"Accueil","item":"https:\/\/chambres-salvaterra.fr\/"},{"@type":"ListItem","position":2,"name":"A propos"}]},{"@type":"WebSite","@id":"https:\/\/chambres-salvaterra.fr\/#website","url":"https:\/\/chambres-salvaterra.fr\/","name":"Chambres Salvaterra","description":"Chambres et Gite proche Avignon","publisher":{"@id":"https:\/\/chambres-salvaterra.fr\/#organization"},"alternateName":"Chambres et Gite Avignon","potentialAction":[{"@type":"SearchAction","target":{"@type":"EntryPoint","urlTemplate":"https:\/\/chambres-salvaterra.fr\/?s={search_term_string}"},"query-input":{"@type":"PropertyValueSpecification","valueRequired":true,"valueName":"search_term_string"}}],"inLanguage":"fr-FR"},{"@type":"Organization","@id":"https:\/\/chambres-salvaterra.fr\/#organization","name":"Chambres Salvaterra","alternateName":"Chambres, Gite et Meubl\u00e9 de Tourisme Avignon","url":"https:\/\/chambres-salvaterra.fr\/","logo":{"@type":"ImageObject","inLanguage":"fr-FR","@id":"https:\/\/chambres-salvaterra.fr\/#\/schema\/logo\/image\/","url":"https:\/\/i0.wp.com\/chambres-salvaterra.fr\/wp-content\/uploads\/2023\/12\/vue-generale-1.jpg?fit=2048%2C1536&ssl=1","contentUrl":"https:\/\/i0.wp.com\/chambres-salvaterra.fr\/wp-content\/uploads\/2023\/12\/vue-generale-1.jpg?fit=2048%2C1536&ssl=1","width":2048,"height":1536,"caption":"Chambres Salvaterra"},"image":{"@id":"https:\/\/chambres-salvaterra.fr\/#\/schema\/logo\/image\/"},"sameAs":["https:\/\/www.facebook.com\/chambres.et.gite.salvaterra"]}]}},"jetpack_sharing_enabled":true,"_links":{"self":[{"href":"https:\/\/chambres-salvaterra.fr\/index.php\/wp-json\/wp\/v2\/pages\/186","targetHints":{"allow":["GET"]}}],"collection":[{"href":"https:\/\/chambres-salvaterra.fr\/index.php\/wp-json\/wp\/v2\/pages"}],"about":[{"href":"https:\/\/chambres-salvaterra.fr\/index.php\/wp-json\/wp\/v2\/types\/page"}],"author":[{"embeddable":true,"href":"https:\/\/chambres-salvaterra.fr\/index.php\/wp-json\/wp\/v2\/users\/1"}],"replies":[{"embeddable":true,"href":"https:\/\/chambres-salvaterra.fr\/index.php\/wp-json\/wp\/v2\/comments?post=186"}],"version-history":[{"count":2,"href":"https:\/\/chambres-salvaterra.fr\/index.php\/wp-json\/wp\/v2\/pages\/186\/revisions"}],"predecessor-version":[{"id":253,"href":"https:\/\/chambres-salvaterra.fr\/index.php\/wp-json\/wp\/v2\/pages\/186\/revisions\/253"}],"wp:attachment":[{"href":"https:\/\/chambres-salvaterra.fr\/index.php\/wp-json\/wp\/v2\/media?parent=186"}],"curies":[{"name":"wp","href":"https:\/\/api.w.org\/{rel}","templated":true}]}}