{"id":171,"date":"2023-12-20T18:06:40","date_gmt":"2023-12-20T17:06:40","guid":{"rendered":"https:\/\/chambres-salvaterra.fr\/?page_id=171"},"modified":"2023-12-23T12:59:51","modified_gmt":"2023-12-23T11:59:51","slug":"contactez-chambres-salvaterra","status":"publish","type":"page","link":"https:\/\/chambres-salvaterra.fr\/index.php\/contactez-chambres-salvaterra\/","title":{"rendered":"Contact"},"content":{"rendered":"\n<h2 class=\"wp-block-heading\">Contacter Nous !<\/h2>\n\n\n\n<figure class=\"wp-block-image size-full is-resized is-style-rounded\"><img data-recalc-dims=\"1\" loading=\"lazy\" decoding=\"async\" width=\"512\" height=\"512\" data-attachment-id=\"18\" data-permalink=\"https:\/\/chambres-salvaterra.fr\/cropped-vue-generale-1-jpg\/\" data-orig-file=\"https:\/\/i0.wp.com\/chambres-salvaterra.fr\/wp-content\/uploads\/2023\/12\/cropped-vue-generale-1.jpg?fit=512%2C512&amp;ssl=1\" data-orig-size=\"512,512\" data-comments-opened=\"1\" data-image-meta=\"{&quot;aperture&quot;:&quot;5.6&quot;,&quot;credit&quot;:&quot;&quot;,&quot;camera&quot;:&quot;DMC-FZ48&quot;,&quot;caption&quot;:&quot;&quot;,&quot;created_timestamp&quot;:&quot;1530205193&quot;,&quot;copyright&quot;:&quot;&quot;,&quot;focal_length&quot;:&quot;4.5&quot;,&quot;iso&quot;:&quot;100&quot;,&quot;shutter_speed&quot;:&quot;0.002&quot;,&quot;title&quot;:&quot;&quot;,&quot;orientation&quot;:&quot;1&quot;}\" data-image-title=\"cropped-vue-generale-1.jpg\" data-image-description=\"&lt;p&gt;https:\/\/chambres-salvaterra.fr\/wp-content\/uploads\/2023\/12\/cropped-vue-generale-1.jpg&lt;\/p&gt;\n\" data-image-caption=\"\" data-medium-file=\"https:\/\/i0.wp.com\/chambres-salvaterra.fr\/wp-content\/uploads\/2023\/12\/cropped-vue-generale-1.jpg?fit=300%2C300&amp;ssl=1\" data-large-file=\"https:\/\/i0.wp.com\/chambres-salvaterra.fr\/wp-content\/uploads\/2023\/12\/cropped-vue-generale-1.jpg?fit=512%2C512&amp;ssl=1\" src=\"https:\/\/i0.wp.com\/chambres-salvaterra.fr\/wp-content\/uploads\/2023\/12\/cropped-vue-generale-1.jpg?resize=512%2C512&#038;ssl=1\" alt=\"Meubl\u00e9 de Tourisme Chambres-Salvaterra\" class=\"wp-image-18\" style=\"width:142px;height:auto\" srcset=\"https:\/\/i0.wp.com\/chambres-salvaterra.fr\/wp-content\/uploads\/2023\/12\/cropped-vue-generale-1.jpg?w=512&amp;ssl=1 512w, https:\/\/i0.wp.com\/chambres-salvaterra.fr\/wp-content\/uploads\/2023\/12\/cropped-vue-generale-1.jpg?resize=300%2C300&amp;ssl=1 300w, https:\/\/i0.wp.com\/chambres-salvaterra.fr\/wp-content\/uploads\/2023\/12\/cropped-vue-generale-1.jpg?resize=150%2C150&amp;ssl=1 150w, https:\/\/i0.wp.com\/chambres-salvaterra.fr\/wp-content\/uploads\/2023\/12\/cropped-vue-generale-1.jpg?resize=270%2C270&amp;ssl=1 270w, https:\/\/i0.wp.com\/chambres-salvaterra.fr\/wp-content\/uploads\/2023\/12\/cropped-vue-generale-1.jpg?resize=192%2C192&amp;ssl=1 192w, https:\/\/i0.wp.com\/chambres-salvaterra.fr\/wp-content\/uploads\/2023\/12\/cropped-vue-generale-1.jpg?resize=180%2C180&amp;ssl=1 180w, https:\/\/i0.wp.com\/chambres-salvaterra.fr\/wp-content\/uploads\/2023\/12\/cropped-vue-generale-1.jpg?resize=32%2C32&amp;ssl=1 32w\" sizes=\"auto, (max-width: 512px) 100vw, 512px\" \/><\/figure>\n\n\n\n<p><\/p>\n\n\n\n<p>Que ce soit pour une demande de renseignements ou pour pr\u00e9parer votre s\u00e9jour, contactez Chambres-Salvaterra en compl\u00e9tant le formulaire que vous trouverez en bas de page !<\/p>\n\n\n\n<p>Nous vous proposons plusieurs types de <a href=\"https:\/\/chambres-salvaterra.fr\/index.php\/les-locations-gite-avignon-meuble-de-tourisme\/\">locations<\/a>, en chambres d&rsquo;h\u00f4tes ou en Meubl\u00e9 de Tourisme.<\/p>\n\n\n\n<p>Pendant vos vacances, nous vous proposons \u00e9galement des stages de fonderie d&rsquo;art ou de sculpture sur argile que vous pourrez visualiser <a href=\"https:\/\/arts-salvaterra.fr\">ici<\/a>. <\/p>\n\n\n\n<p>Alors, n&rsquo;h\u00e9sitez plus, contactez nous d\u00e8s aujourd&rsquo;hui pour discuter de votre s\u00e9jour \u00e0 Salvaterra et\/ou pour obtenir plus d&rsquo;informations sur nos possibilit\u00e9s d&rsquo;h\u00e9bergements. Nous sommes impatients de vous recevoir et de faire en sorte que votre s\u00e9jour soit inoubliable.<\/p>\n\n\n\n<p>Compl\u00e9tez le formulaire suivant pour nous contacter  au sujet de toutes vos questionnements. Nous nous ferons un plaisir de r\u00e9pondre \u00e0 vos questions et de vous guider dans notre r\u00e9gion.<\/p>\n\n\n\n<h3 class=\"wp-block-heading\">Contactez Chambres-Salvaterra !<\/h3>\n\n\n<div class=\"wp-block-jetpack-contact-form\"><a href=\"https:\/\/chambres-salvaterra.fr\/index.php\/contactez-chambres-salvaterra\/\" target=\"_blank\" rel=\"noopener noreferrer\">Soumettre un formulaire.<\/a><\/div>","protected":false},"excerpt":{"rendered":"<p>Contacter Nous ! Que ce soit pour une demande de renseignements ou pour pr\u00e9parer votre s\u00e9jour, contactez Chambres-Salvaterra en compl\u00e9tant le formulaire que vous trouverez en bas de page ! Nous vous proposons plusieurs types de locations, en chambres d&rsquo;h\u00f4tes ou en Meubl\u00e9 de Tourisme. Pendant vos vacances, nous vous proposons \u00e9galement des stages de [&hellip;]<\/p>\n","protected":false},"author":1,"featured_media":0,"parent":0,"menu_order":0,"comment_status":"closed","ping_status":"closed","template":"","meta":{"jetpack_post_was_ever_published":false,"footnotes":""},"class_list":["post-171","page","type-page","status-publish","hentry","blog-left-layout","blog-style-postblock","","blog-alt-odd"],"yoast_head":"<!-- This site is optimized with the Yoast SEO plugin v24.2 - https:\/\/yoast.com\/wordpress\/plugins\/seo\/ -->\n<title>Contactez Chambres-Salvaterra -Gite Meubl\u00e9 de Tourisme Avignon Chambres Salvaterra<\/title>\n<meta name=\"description\" content=\"Contactez Chambres-Salvaterra, Chambres d&#039;h\u00f4tes, Gite Meubl\u00e9 de Tourisme proche Avignon Chambres Salvaterra\" \/>\n<meta name=\"robots\" content=\"index, follow, max-snippet:-1, max-image-preview:large, max-video-preview:-1\" \/>\n<link rel=\"canonical\" href=\"https:\/\/chambres-salvaterra.fr\/index.php\/contactez-chambres-salvaterra\/\" \/>\n<meta property=\"og:locale\" content=\"fr_FR\" \/>\n<meta property=\"og:type\" content=\"article\" \/>\n<meta property=\"og:title\" content=\"Contactez Chambres-Salvaterra -Gite Meubl\u00e9 de Tourisme Avignon Chambres Salvaterra\" \/>\n<meta property=\"og:description\" content=\"Contactez Chambres-Salvaterra, Chambres d&#039;h\u00f4tes, Gite Meubl\u00e9 de Tourisme proche Avignon Chambres Salvaterra\" \/>\n<meta property=\"og:url\" content=\"https:\/\/chambres-salvaterra.fr\/index.php\/contactez-chambres-salvaterra\/\" \/>\n<meta property=\"og:site_name\" content=\"Chambres Salvaterra\" \/>\n<meta property=\"article:publisher\" content=\"https:\/\/www.facebook.com\/chambres.et.gite.salvaterra\" \/>\n<meta property=\"article:modified_time\" content=\"2023-12-23T11:59:51+00:00\" \/>\n<meta property=\"og:image\" content=\"https:\/\/chambres-salvaterra.fr\/wp-content\/uploads\/2023\/12\/cropped-vue-generale-1.jpg\" \/>\n<meta name=\"twitter:card\" content=\"summary_large_image\" \/>\n<meta name=\"twitter:label1\" content=\"Dur\u00e9e de lecture estim\u00e9e\" \/>\n\t<meta name=\"twitter:data1\" content=\"1 minute\" \/>\n<script type=\"application\/ld+json\" class=\"yoast-schema-graph\">{\"@context\":\"https:\/\/schema.org\",\"@graph\":[{\"@type\":[\"WebPage\",\"ContactPage\"],\"@id\":\"https:\/\/chambres-salvaterra.fr\/index.php\/contactez-chambres-salvaterra\/\",\"url\":\"https:\/\/chambres-salvaterra.fr\/index.php\/contactez-chambres-salvaterra\/\",\"name\":\"Contactez Chambres-Salvaterra -Gite Meubl\u00e9 de Tourisme Avignon Chambres Salvaterra\",\"isPartOf\":{\"@id\":\"https:\/\/chambres-salvaterra.fr\/#website\"},\"primaryImageOfPage\":{\"@id\":\"https:\/\/chambres-salvaterra.fr\/index.php\/contactez-chambres-salvaterra\/#primaryimage\"},\"image\":{\"@id\":\"https:\/\/chambres-salvaterra.fr\/index.php\/contactez-chambres-salvaterra\/#primaryimage\"},\"thumbnailUrl\":\"https:\/\/chambres-salvaterra.fr\/wp-content\/uploads\/2023\/12\/cropped-vue-generale-1.jpg\",\"datePublished\":\"2023-12-20T17:06:40+00:00\",\"dateModified\":\"2023-12-23T11:59:51+00:00\",\"description\":\"Contactez Chambres-Salvaterra, Chambres d'h\u00f4tes, Gite Meubl\u00e9 de Tourisme proche Avignon Chambres Salvaterra\",\"breadcrumb\":{\"@id\":\"https:\/\/chambres-salvaterra.fr\/index.php\/contactez-chambres-salvaterra\/#breadcrumb\"},\"inLanguage\":\"fr-FR\",\"potentialAction\":[{\"@type\":\"ReadAction\",\"target\":[\"https:\/\/chambres-salvaterra.fr\/index.php\/contactez-chambres-salvaterra\/\"]}]},{\"@type\":\"ImageObject\",\"inLanguage\":\"fr-FR\",\"@id\":\"https:\/\/chambres-salvaterra.fr\/index.php\/contactez-chambres-salvaterra\/#primaryimage\",\"url\":\"https:\/\/i0.wp.com\/chambres-salvaterra.fr\/wp-content\/uploads\/2023\/12\/cropped-vue-generale-1.jpg?fit=512%2C512&ssl=1\",\"contentUrl\":\"https:\/\/i0.wp.com\/chambres-salvaterra.fr\/wp-content\/uploads\/2023\/12\/cropped-vue-generale-1.jpg?fit=512%2C512&ssl=1\",\"width\":512,\"height\":512},{\"@type\":\"BreadcrumbList\",\"@id\":\"https:\/\/chambres-salvaterra.fr\/index.php\/contactez-chambres-salvaterra\/#breadcrumb\",\"itemListElement\":[{\"@type\":\"ListItem\",\"position\":1,\"name\":\"Accueil\",\"item\":\"https:\/\/chambres-salvaterra.fr\/\"},{\"@type\":\"ListItem\",\"position\":2,\"name\":\"Contact\"}]},{\"@type\":\"WebSite\",\"@id\":\"https:\/\/chambres-salvaterra.fr\/#website\",\"url\":\"https:\/\/chambres-salvaterra.fr\/\",\"name\":\"Chambres Salvaterra\",\"description\":\"Chambres et Gite proche Avignon\",\"publisher\":{\"@id\":\"https:\/\/chambres-salvaterra.fr\/#organization\"},\"alternateName\":\"Chambres et Gite Avignon\",\"potentialAction\":[{\"@type\":\"SearchAction\",\"target\":{\"@type\":\"EntryPoint\",\"urlTemplate\":\"https:\/\/chambres-salvaterra.fr\/?s={search_term_string}\"},\"query-input\":{\"@type\":\"PropertyValueSpecification\",\"valueRequired\":true,\"valueName\":\"search_term_string\"}}],\"inLanguage\":\"fr-FR\"},{\"@type\":\"Organization\",\"@id\":\"https:\/\/chambres-salvaterra.fr\/#organization\",\"name\":\"Chambres Salvaterra\",\"alternateName\":\"Chambres, Gite et Meubl\u00e9 de Tourisme Avignon\",\"url\":\"https:\/\/chambres-salvaterra.fr\/\",\"logo\":{\"@type\":\"ImageObject\",\"inLanguage\":\"fr-FR\",\"@id\":\"https:\/\/chambres-salvaterra.fr\/#\/schema\/logo\/image\/\",\"url\":\"https:\/\/i0.wp.com\/chambres-salvaterra.fr\/wp-content\/uploads\/2023\/12\/vue-generale-1.jpg?fit=2048%2C1536&ssl=1\",\"contentUrl\":\"https:\/\/i0.wp.com\/chambres-salvaterra.fr\/wp-content\/uploads\/2023\/12\/vue-generale-1.jpg?fit=2048%2C1536&ssl=1\",\"width\":2048,\"height\":1536,\"caption\":\"Chambres Salvaterra\"},\"image\":{\"@id\":\"https:\/\/chambres-salvaterra.fr\/#\/schema\/logo\/image\/\"},\"sameAs\":[\"https:\/\/www.facebook.com\/chambres.et.gite.salvaterra\"]}]}<\/script>\n<!-- \/ Yoast SEO plugin. -->","yoast_head_json":{"title":"Contactez Chambres-Salvaterra -Gite Meubl\u00e9 de Tourisme Avignon Chambres Salvaterra","description":"Contactez Chambres-Salvaterra, Chambres d'h\u00f4tes, Gite Meubl\u00e9 de Tourisme proche Avignon Chambres Salvaterra","robots":{"index":"index","follow":"follow","max-snippet":"max-snippet:-1","max-image-preview":"max-image-preview:large","max-video-preview":"max-video-preview:-1"},"canonical":"https:\/\/chambres-salvaterra.fr\/index.php\/contactez-chambres-salvaterra\/","og_locale":"fr_FR","og_type":"article","og_title":"Contactez Chambres-Salvaterra -Gite Meubl\u00e9 de Tourisme Avignon Chambres Salvaterra","og_description":"Contactez Chambres-Salvaterra, Chambres d'h\u00f4tes, Gite Meubl\u00e9 de Tourisme proche Avignon Chambres Salvaterra","og_url":"https:\/\/chambres-salvaterra.fr\/index.php\/contactez-chambres-salvaterra\/","og_site_name":"Chambres Salvaterra","article_publisher":"https:\/\/www.facebook.com\/chambres.et.gite.salvaterra","article_modified_time":"2023-12-23T11:59:51+00:00","og_image":[{"url":"https:\/\/chambres-salvaterra.fr\/wp-content\/uploads\/2023\/12\/cropped-vue-generale-1.jpg","type":"","width":"","height":""}],"twitter_card":"summary_large_image","twitter_misc":{"Dur\u00e9e de lecture estim\u00e9e":"1 minute"},"schema":{"@context":"https:\/\/schema.org","@graph":[{"@type":["WebPage","ContactPage"],"@id":"https:\/\/chambres-salvaterra.fr\/index.php\/contactez-chambres-salvaterra\/","url":"https:\/\/chambres-salvaterra.fr\/index.php\/contactez-chambres-salvaterra\/","name":"Contactez Chambres-Salvaterra -Gite Meubl\u00e9 de Tourisme Avignon Chambres Salvaterra","isPartOf":{"@id":"https:\/\/chambres-salvaterra.fr\/#website"},"primaryImageOfPage":{"@id":"https:\/\/chambres-salvaterra.fr\/index.php\/contactez-chambres-salvaterra\/#primaryimage"},"image":{"@id":"https:\/\/chambres-salvaterra.fr\/index.php\/contactez-chambres-salvaterra\/#primaryimage"},"thumbnailUrl":"https:\/\/chambres-salvaterra.fr\/wp-content\/uploads\/2023\/12\/cropped-vue-generale-1.jpg","datePublished":"2023-12-20T17:06:40+00:00","dateModified":"2023-12-23T11:59:51+00:00","description":"Contactez Chambres-Salvaterra, Chambres d'h\u00f4tes, Gite Meubl\u00e9 de Tourisme proche Avignon Chambres Salvaterra","breadcrumb":{"@id":"https:\/\/chambres-salvaterra.fr\/index.php\/contactez-chambres-salvaterra\/#breadcrumb"},"inLanguage":"fr-FR","potentialAction":[{"@type":"ReadAction","target":["https:\/\/chambres-salvaterra.fr\/index.php\/contactez-chambres-salvaterra\/"]}]},{"@type":"ImageObject","inLanguage":"fr-FR","@id":"https:\/\/chambres-salvaterra.fr\/index.php\/contactez-chambres-salvaterra\/#primaryimage","url":"https:\/\/i0.wp.com\/chambres-salvaterra.fr\/wp-content\/uploads\/2023\/12\/cropped-vue-generale-1.jpg?fit=512%2C512&ssl=1","contentUrl":"https:\/\/i0.wp.com\/chambres-salvaterra.fr\/wp-content\/uploads\/2023\/12\/cropped-vue-generale-1.jpg?fit=512%2C512&ssl=1","width":512,"height":512},{"@type":"BreadcrumbList","@id":"https:\/\/chambres-salvaterra.fr\/index.php\/contactez-chambres-salvaterra\/#breadcrumb","itemListElement":[{"@type":"ListItem","position":1,"name":"Accueil","item":"https:\/\/chambres-salvaterra.fr\/"},{"@type":"ListItem","position":2,"name":"Contact"}]},{"@type":"WebSite","@id":"https:\/\/chambres-salvaterra.fr\/#website","url":"https:\/\/chambres-salvaterra.fr\/","name":"Chambres Salvaterra","description":"Chambres et Gite proche Avignon","publisher":{"@id":"https:\/\/chambres-salvaterra.fr\/#organization"},"alternateName":"Chambres et Gite Avignon","potentialAction":[{"@type":"SearchAction","target":{"@type":"EntryPoint","urlTemplate":"https:\/\/chambres-salvaterra.fr\/?s={search_term_string}"},"query-input":{"@type":"PropertyValueSpecification","valueRequired":true,"valueName":"search_term_string"}}],"inLanguage":"fr-FR"},{"@type":"Organization","@id":"https:\/\/chambres-salvaterra.fr\/#organization","name":"Chambres Salvaterra","alternateName":"Chambres, Gite et Meubl\u00e9 de Tourisme Avignon","url":"https:\/\/chambres-salvaterra.fr\/","logo":{"@type":"ImageObject","inLanguage":"fr-FR","@id":"https:\/\/chambres-salvaterra.fr\/#\/schema\/logo\/image\/","url":"https:\/\/i0.wp.com\/chambres-salvaterra.fr\/wp-content\/uploads\/2023\/12\/vue-generale-1.jpg?fit=2048%2C1536&ssl=1","contentUrl":"https:\/\/i0.wp.com\/chambres-salvaterra.fr\/wp-content\/uploads\/2023\/12\/vue-generale-1.jpg?fit=2048%2C1536&ssl=1","width":2048,"height":1536,"caption":"Chambres Salvaterra"},"image":{"@id":"https:\/\/chambres-salvaterra.fr\/#\/schema\/logo\/image\/"},"sameAs":["https:\/\/www.facebook.com\/chambres.et.gite.salvaterra"]}]}},"jetpack_sharing_enabled":true,"_links":{"self":[{"href":"https:\/\/chambres-salvaterra.fr\/index.php\/wp-json\/wp\/v2\/pages\/171","targetHints":{"allow":["GET"]}}],"collection":[{"href":"https:\/\/chambres-salvaterra.fr\/index.php\/wp-json\/wp\/v2\/pages"}],"about":[{"href":"https:\/\/chambres-salvaterra.fr\/index.php\/wp-json\/wp\/v2\/types\/page"}],"author":[{"embeddable":true,"href":"https:\/\/chambres-salvaterra.fr\/index.php\/wp-json\/wp\/v2\/users\/1"}],"replies":[{"embeddable":true,"href":"https:\/\/chambres-salvaterra.fr\/index.php\/wp-json\/wp\/v2\/comments?post=171"}],"version-history":[{"count":6,"href":"https:\/\/chambres-salvaterra.fr\/index.php\/wp-json\/wp\/v2\/pages\/171\/revisions"}],"predecessor-version":[{"id":220,"href":"https:\/\/chambres-salvaterra.fr\/index.php\/wp-json\/wp\/v2\/pages\/171\/revisions\/220"}],"wp:attachment":[{"href":"https:\/\/chambres-salvaterra.fr\/index.php\/wp-json\/wp\/v2\/media?parent=171"}],"curies":[{"name":"wp","href":"https:\/\/api.w.org\/{rel}","templated":true}]}}